3*k**2 - k - 4. Give p(3).
20
Let t(b) = -b**3 - 9*b**2 + 25*b + 68. What is t(-11)?
35
Let h(a) = -3*a**3 - 2*a**2 - 2*a + 3. Give h(2).
-33
Let c(b) = 2*b - 31. Give c(18).
5
Let p(f) = -f + 1. Determine p(-2).
3
Let y(z) = -z**3 + 2*z**2 + 4. Give y(4).
-28
Let k(d) = 4*d**2 - 2*d. What is k(2)?
12
Let u(k) = k**2 - 27*k - 10. Give u(28).
18
Let f(v) = 7*v - 36. Calculate f(5).
-1
Let p(s) = -4*s**2 + 23*s + 28. What is p(7)?
-7
Let s(r) = r**2 - 13*r - 2. What is s(13)?
-2
Let k(x) = -x**3 - 14*x**2 + 2*x. Calculate k(-14).
-28
Let r(u) = 4*u**2 + 14*u + 7. What is r(-5)?
37
Let l(w) = w**3 + w**2 + 16. Give l(0).
16
Let p(q) = -q**2 - 8*q - 11. Calculate p(-10).
-31
Let x(w) = -8*w + 43. Give x(7).
-13
Let y(s) = s**3 + 8*s**2 + 15*s + 11. What is y(-4)?
15
Let i(h) = h**2 - 17*h + 41. Determine i(13).
-11
Let n(o) = o**2 + 2*o - 17. What is n(-7)?
18
Let k(v) = -v**3 + 15*v**2 + 16*v - 2. Give k(16).
-2
Let v(y) = -20*y**2 + 2*y + 1. What is v(-2)?
-83
Let y(l) = -2*l**2 - 7*l - 8. What is y(-3)?
-5
Let c(j) = j**3 - 3*j**2 + 1. What is c(2)?
-3
Let a(l) = 4*l - 3. Give a(1).
1
Let r(s) = -s**3 + 4*s**2 + s + 3. Calculate r(4).
7
Let f(s) = s - 16. Determine f(-8).
-24
Let x(h) = -h**3 + 15*h**2 + 19*h - 49. What is x(16)?
-1
Let k(w) = w**3 - 14*w**2 - 2*w + 10. Determine k(14).
-18
Let b(m) = 64*m**2 + 4*m + 3. Calculate b(-1).
63
Let o(a) = a**3 - 12*a**2 - 14*a + 15. Determine o(13).
2
Let f(s) = s**3 - 18*s**2 + 20*s - 52. Calculate f(17).
-1
Let c(f) = -f**2 + 2*f + 19. Calculate c(6).
-5
Let q(x) = -x + 21. Calculate q(6).
15
Let q(b) = -b + 5. What is q(-18)?
23
Let j(v) = v**2 + 7*v - 7. Calculate j(-6).
-13
Let q(r) = -6*r + 20. Calculate q(6).
-16
Let x(d) = d**3 - 7*d**2 + 12*d. Give x(3).
0
Let j(q) = 30*q - 7. Determine j(3).
83
Let b(u) = -u**3 + 2*u**2 + 5*u - 1. What is b(4)?
-13
Let o(r) = -r**2 + 23*r - 115. Calculate o(15).
5
Let l(x) = -x**2 - 9*x + 13. Give l(4).
-39
Let g(i) = i**3 + 14*i**2 - 31*i + 16. Determine g(-16).
0
Let q(s) = s**2 + 5*s - 15. What is q(7)?
69
Let o(f) = 97*f - 1260. Give o(13).
1
Let u(b) = -b**3 - 9*b**2 + b + 8. Calculate u(-9).
-1
Let g(j) = 3*j - 5. What is g(-3)?
-14
Let o(j) = j**2 + j. What is o(-3)?
6
Let m(f) = -10*f + 164. Give m(16).
4
Let p(y) = -y**3 + 10*y**2 - 10*y + 14. Calculate p(9).
5
Let g(n) = -n**3 - 5*n**2 - 5*n - 4. What is g(-3)?
-7
Let o(h) = -h**3 - 6*h**2 - 7*h - 5. Determine o(-4).
-9
Let s(o) = -o**3 + 3*o**2 + 2*o + 2. Determine s(4).
-6
Let f(x) = -2*x**3 + 50*x**2 + 2*x - 48. What is f(25)?
2
Let c(o) = -10*o + 26. Calculate c(5).
-24
Let y(w) = -2*w - 33. What is y(10)?
-53
Let k(z) = -2*z**3 - 13*z**2 - 9*z - 2. Give k(-6).
16
Let p(u) = -3*u**3 - 2*u**2 - 3*u - 2. Give p(3).
-110
Let p(b) = 3*b - 28. Determine p(12).
8
Let f(a) = a + 2. What is f(-10)?
-8
Let a(o) = 4*o + 38. Determine a(22).
126
Let m(h) = -13*h**3 + h**2 + 2*h. What is m(-1)?
12
Let t(y) = -2*y + 16. Give t(5).
6
Let o(j) = -4*j + 149. What is o(34)?
13
Let d(w) = -w**3 - 12*w**2 - 10*w + 4. Give d(-11).
-7
Let p(k) = -16*k + 1. Determine p(2).
-31
Let r(u) = -u**3 - 17*u**2 - 33*u - 43. What is r(-15)?
2
Let n(i) = -27*i - 523. What is n(-19)?
-10
Let u(a) = -2*a + 12. Give u(3).
6
Let x(v) = 52*v - 349. What is x(7)?
15
Let h(r) = -r**2 + 11*r + 6. What is h(13)?
-20
Let b(m) = m**2 - 26*m + 9. Give b(25).
-16
Let o(w) = 8*w + 4. What is o(-3)?
-20
Let z(c) = 55*c + 545. Give z(-10).
-5
Let l(t) = -t**2 - 6*t - 3. Calculate l(-2).
5
Let t(w) = w - 12. Calculate t(7).
-5
Let o(s) = 2*s - 28. Calculate o(12).
-4
Let b(d) = d + 5. Determine b(15).
20
Let k(o) = -8*o**2 - 1. Give k(1).
-9
Let o(j) = -7*j + 23. Give o(1).
16
Let k(z) = -9*z**2 - 16*z + 13. What is k(1)?
-12
Let z(i) = -21*i - 66. What is z(-4)?
18
Let b(w) = w**3 + 33*w**2 + 34*w + 63. What is b(-32)?
-1
Let k(t) = 2*t + 34. What is k(0)?
34
Let o(n) = 2*n**2 + 35*n + 24. Determine o(-16).
-24
Let l(d) = 25*d + 892. Determine l(-36).
-8
Let d(z) = 10*z - 20. Determine d(10).
80
Let n(g) = -44*g**3 - g**2 + 13*g + 13. Give n(-1).
43
Let a(m) = -25*m + 4. Calculate a(2).
-46
Let i(k) = -k**3 - 10*k**2 + 10*k. Determine i(-11).
11
Let x(a) = -8*a + 47. Calculate x(19).
-105
Let o(n) = 5*n**2 + 30*n - 31. Determine o(-7).
4
Let b(h) = 4*h + 120. Give b(-27).
12
Let h(j) = -j**3 - 20*j**2 - 17*j + 43. Determine h(-19).
5
Let q(c) = -12*c - 11. Determine q(5).
-71
Let g(p) = p**3 - 12*p**2 + 9*p + 5. Determine g(12).
113
Let q(n) = -n**3 - 2*n**2 + 3*n - 12. Determine q(0).
-12
Let h(b) = b**3 - 8*b**2 + 8*b - 3. Give h(7).
4
Let r(g) = g**3 + 4*g**2 + 2*g + 2. Determine r(-4).
-6
Let i(a) = -a**3 - 15*a**2 + a + 33. Determine i(-15).
18
Let c(o) = -9*o**2 - o - 1. What is c(0)?
-1
Let r(i) = i**3 - i**2 + i + 54. What is r(0)?
54
Let y(o) = o**2 - 7*o + 3. Give y(5).
-7
Let z(a) = -a**3 - 8*a**2 + 12*a - 4. Give z(-9).
-31
Let u(l) = l + 25. Give u(-27).
-2
Let a(f) = -6*f**2 + 3*f + 2. Calculate a(2).
-16
Let r(j) = -3*j**2 - 2. Determine r(3).
-29
Let m(v) = -v**3 - 17*v**2 - v + 35. What is m(-17)?
52
Let t(u) = -9*u + 22. Calculate t(11).
-77
Let v(s) = s**3 + 8*s**2 - 2*s - 13. What is v(-7)?
50
Let i(o) = o**2 - 26*o - 20. Give i(21).
-125
Let g(d) = -d**3 - 20*d**2 - 3*d - 28. What is g(-20)?
32
Let u(s) = 7*s - 6. Give u(-11).
-83
Let z(q) = -14*q + 359. Calculate z(26).
-5
Let f(x) = -8*x**2 + 24*x + 29. Calculate f(4).
-3
Let r(s) = -s**3 - 8*s**2 - 12*s - 6. Give r(-6).
-6
Let y(q) = -14*q**3 + q**2 + q + 3. What is y(2)?
-103
Let i(n) = -4*n**2 + 5*n - 4. Give i(1).
-3
Let y(r) = -6*r**2 + 5*r + 5. Determine y(-1).
-6
Let m(x) = -6*x - 12. Give m(-5).
18
Let d(s) = -s**3 - 7*s**2 - 4*s + 1. Calculate d(-7).
29
Let z(a) = 5*a**2 - 2*a - 2. What is z(2)?
14
Let b(v) = v**2 + 7*v + 2. Give b(-2).
-8
Let u(q) = q**3 - 9*q**2 - 8*q - 24. Calculate u(10).
-4
Let i(s) = -s + 6. Determine i(3).
3
Let m(f) = -f**3 + f**2 - f + 3. Determine m(3).
-18
Let i(k) = -3*k - 29. Calculate i(-11).
4
Let d(u) = -12*u - 33. Determine d(-6).
39
Let u(v) = -v**2 - 6*v + 1. Calculate u(-6).
1
Let j(p) = -30*p - 3. Calculate j(-2).
57
Let l(b) = -57*b - 318. Determine l(-6).
24
Let a(l) = -l**3 - 3*l**2 + 2*l - 8. Give a(-4).
0
Let o(u) = -u**3 - 9*u**2 - 3*u - 33. Calculate o(-9).
-6
Let q(y) = -y**3 - 5*y**2 + 10*y - 26. Give q(-6).
-50
Let x(s) = 39*s - 1. Give x(0).
-1
Let z(c) = -2*c - 34. Calculate z(-9).
-16
Let q(u) = -2*u**2 - 2*u + 6. Determine q(4).
-34
Let i(d) = -d**3 + 28*d**2 + 27*d + 35. Give i(29).
-23
Let c(w) = -w**3 - 12*w**2 - 9*w + 3. Give c(-11).
-19
Let h(g) = g**3 + 14*g**2 + 11*g - 32. Give h(-13).
-6
Let l(u) = -15*u**2 - 10*u + 9. What is l(1)?
-16
Let o(v) = -4*v - 1. What is o(-1)?
3
Let w(s) = -2*s**2 + 16*s + 12. What is w(9)?
-6
Let v(q) = -9*q**2 - 37*q - 5. Determine v(-4).
-1
Let j(m) = 2*m**2 - 3*m - 13. Calculate j(7).
64
Let z(h) = 29*h + 54. What is z(-2)?
-4
Let x(d) = -6*d - 3. Determine x(-1).
3
Let c(r) = -r**3 - 7*r**2 + 2*r + 2. Give c(-6).
-46
Let v(b) = -b**2 + 12*b - 15. What is v(11)?
-4
Let m(v) = -26*v + 10. What is m(-3)?
88
Let o(r) = r**3 + 9*r**2 - 11*r + 3. Calculate o(-10).
13
Let w(l) = -2*l - 31. Determine w(-15).
-1
Let a(g) = -21*g + 98. What is a(5)?
-7
Let k(a) = -a**2 - 18*a - 34. Calculate k(-16).
-2
Let k(t) = -t**3 + 4*t**2 + 2*t + 1. Determine k(4).
9
Let x(d) = -5*d + 25. Calculate x(3).
10
Let x(p) = p**3 - 9*p**2 - 7*p - 16. What is x(10)?
14
Let d(t) = t**2 + 5*t - 3. Determine d(-5).
-3
Let a(c) = -4*c - 10. Determine a(-3).
2
Let k(j) = j**2 + 9*j + 2. Give k(-5).
-18
Let t(g) = -21*g - 1. Give t(1).
-22
Let l(q) = 13*q**3 - 2*q**2 + q + 1. Calculate l(1).
13
Let x(t) = 2*t**2 + 7*t + 4. Determine x(-4).
8
Let v(k) = 3*k + 6. Determine v(3).
15
Let s(n) = -n**2 - 11*n - 49. Give s(-16).
-129
Let y(k) = -6*k + 6. Give y(-2).
18
Let f(t) = t**3 + 12*t**2 + 13*t + 26. Calculate f(-11).
4
Let i(w) = 2*w**2 + 7*w + 12. What is i(-5)?
27
Let c(n) = -n**3 - 15*n**2 - 19*n - 77. What is c(-14)?
-7
Let r(z) = -z**2 - z - 6. Determine r(0).
-6
Let i(t) = -t**3 + 3*t**2 - 4. Calculate i(2).
0
Let y(i) = -60*i + 274. Give y(5).
-26
Let n(l) = -l**3 - 17*l**2 + 21*l + 36. Determine n(-18).
-18
Let a(z) = -5*z**2 + z + 1. Determine a(-1).
-5
Let m(o) = -2*o + 1. What is m(-